{"id":7796,"date":"2024-06-13T16:37:54","date_gmt":"2024-06-13T15:37:54","guid":{"rendered":"http:\/\/www.laetitia-tempsdepeindre.fr\/?page_id=7796"},"modified":"2025-03-06T15:48:29","modified_gmt":"2025-03-06T14:48:29","slug":"les-stages","status":"publish","type":"page","link":"https:\/\/www.laetitia-tempsdepeindre.fr\/index.php\/les-stages\/","title":{"rendered":"les Stages"},"content":{"rendered":"\n<p class=\"has-text-color has-link-color wp-elements-da506d384729839b1c84e4d383805344\" style=\"color:#4d036d\">Lors des vacances scolaires, je vous propose des bulles cr\u00e9atives hors du temps. Cette formule permet de d\u00e9couvrir \u00ab\u00a0le temps de peindre\u00a0\u00bb mais pas que &#8230;c&rsquo;est aussi une opportunit\u00e9 pour cr\u00e9er en famille, pour soi&#8230; venir tester, explorer&#8230; ce lieu et sa pratique sp\u00e9cifique.<\/p>\n\n\n\n<p class=\"has-text-color has-link-color wp-elements-373daea5a309c420386b52c792caed1c\" style=\"color:#4d036d\"> Vous trouverez 2 types d&rsquo;atelier :                                                                                                                                              <\/p>\n\n\n\n<pre class=\"wp-block-verse has-text-color has-link-color has-medium-font-size wp-elements-03b8aaf4ec02202fb8fde866f8114522\" style=\"color:#4d036d\">\u00c9VEIL de 0 \u00e0 6 ans  parent \/ enfant   :  <strong>atelier argile   <\/strong>                            <br>            dur\u00e9e d'1h le mercredi de 10h \u00e0 11h      <\/pre>\n\n\n\n<pre class=\"wp-block-verse has-text-color has-link-color has-medium-font-size wp-elements-6336b102b95982db20e468f58d112412\" style=\"color:#4d036d\">INTERG\u00c9N\u00c9RATIONNEL de 6 \u00e0 100 ans : <strong>atelier peinture &amp; argile  <\/strong>                                                             \n             dur\u00e9e d'1h30 les jeudi et vendredi de 10h30 \u00e0 12h                                                                                                                               <\/pre>\n\n\n\n<p><\/p>\n\n\n\n<p class=\"has-text-color has-link-color wp-elements-01ef71cc35e68fe9bffb1c05ee6dd81d\" style=\"color:#4d036d\">C&rsquo;est une exp\u00e9rience dans l&rsquo;instant, les r\u00e9alisations restent sur place, j&rsquo;en deviens la gardienne. C&rsquo;est une donne importante qui permet de l\u00e2cher prise et de se concentrer sur l&rsquo;acte de cr\u00e9er et le plaisir qui peut \u00e9merger de peindre ou modeler.<\/p>\n\n\n\n<p class=\"has-text-color has-link-color wp-elements-39c42f928d270e80be2daad53a0335e5\" style=\"color:#4d036d\"><strong>Inscription<\/strong> : en appelant au 06 88 033 79 44 ou contact@laetitia-tempsdepeindre.fr<\/p>\n\n\n\n<p class=\"has-text-color has-link-color wp-elements-8deefd4138b8006d3cdd50c15dddc2ae\" style=\"color:#4d036d\"><strong>Dates<\/strong> : dans <a href=\"https:\/\/www.laetitia-tempsdepeindre.fr\/index.php\/actus\/\" title=\"\">actus<\/a><\/p>\n\n\n\n<p class=\"has-text-color has-link-color wp-elements-dceeba5c9e0e217d9a6230e2e94311f9\" style=\"color:#4d036d\"><strong>Lieu <\/strong>: 307 route de la Blandinairie, 44330 Mouzillon- l&rsquo;atelier se site sur une Ferme. Suivre les pancartes \u00ab\u00a0paysans du vignoble\u00a0\u00bb<\/p>\n\n\n\n<figure class=\"wp-block-gallery has-nested-images columns-default is-cropped wp-block-gallery-1 is-layout-flex wp-block-gallery-is-layout-flex\">\n<figure class=\"wp-block-image size-large\"><img loading=\"lazy\" decoding=\"async\" width=\"674\" height=\"1024\" data-id=\"7398\" src=\"https:\/\/www.laetitia-tempsdepeindre.fr\/wp-content\/uploads\/2023\/09\/ParentEnfant-6-674x1024.jpg\" alt=\"\" class=\"wp-image-7398\" srcset=\"https:\/\/www.laetitia-tempsdepeindre.fr\/wp-content\/uploads\/2023\/09\/ParentEnfant-6-674x1024.jpg 674w, https:\/\/www.laetitia-tempsdepeindre.fr\/wp-content\/uploads\/2023\/09\/ParentEnfant-6-197x300.jpg 197w, https:\/\/www.laetitia-tempsdepeindre.fr\/wp-content\/uploads\/2023\/09\/ParentEnfant-6-768x1167.jpg 768w, https:\/\/www.laetitia-tempsdepeindre.fr\/wp-content\/uploads\/2023\/09\/ParentEnfant-6.jpg 837w\" sizes=\"auto, (max-width: 674px) 100vw, 674px\" \/><\/figure>\n\n\n\n<figure class=\"wp-block-image size-large\"><img decoding=\"async\" data-id=\"7699\" src=\"https:\/\/www.laetitia-tempsdepeindre.fr\/wp-content\/uploads\/2024\/05\/AP1.jpg\" alt=\"\" class=\"wp-image-7699\"\/><\/figure>\n\n\n\n<figure class=\"wp-block-image size-full\"><img loading=\"lazy\" decoding=\"async\" width=\"800\" height=\"716\" data-id=\"7932\" src=\"https:\/\/www.laetitia-tempsdepeindre.fr\/wp-content\/uploads\/2025\/03\/AP-main.jpg\" alt=\"\" class=\"wp-image-7932\" srcset=\"https:\/\/www.laetitia-tempsdepeindre.fr\/wp-content\/uploads\/2025\/03\/AP-main.jpg 800w, https:\/\/www.laetitia-tempsdepeindre.fr\/wp-content\/uploads\/2025\/03\/AP-main-300x269.jpg 300w, https:\/\/www.laetitia-tempsdepeindre.fr\/wp-content\/uploads\/2025\/03\/AP-main-768x687.jpg 768w\" sizes=\"auto, (max-width: 800px) 100vw, 800px\" \/><figcaption class=\"wp-element-caption\">photo laurent Touzeau<\/figcaption><\/figure>\n<\/figure>\n\n\n\n<p><\/p>\n","protected":false},"excerpt":{"rendered":"<p>Lors des vacances scolaires, je vous propose des bulles cr\u00e9atives hors du temps. Cette formule permet de d\u00e9couvrir \u00ab\u00a0le temps [&hellip;]<\/p>\n","protected":false},"author":1,"featured_media":0,"parent":0,"menu_order":0,"comment_status":"closed","ping_status":"closed","template":"","meta":{"footnotes":""},"class_list":["post-7796","page","type-page","status-publish","hentry"],"aioseo_notices":[],"_links":{"self":[{"href":"https:\/\/www.laetitia-tempsdepeindre.fr\/index.php\/wp-json\/wp\/v2\/pages\/7796","targetHints":{"allow":["GET"]}}],"collection":[{"href":"https:\/\/www.laetitia-tempsdepeindre.fr\/index.php\/wp-json\/wp\/v2\/pages"}],"about":[{"href":"https:\/\/www.laetitia-tempsdepeindre.fr\/index.php\/wp-json\/wp\/v2\/types\/page"}],"author":[{"embeddable":true,"href":"https:\/\/www.laetitia-tempsdepeindre.fr\/index.php\/wp-json\/wp\/v2\/users\/1"}],"replies":[{"embeddable":true,"href":"https:\/\/www.laetitia-tempsdepeindre.fr\/index.php\/wp-json\/wp\/v2\/comments?post=7796"}],"version-history":[{"count":13,"href":"https:\/\/www.laetitia-tempsdepeindre.fr\/index.php\/wp-json\/wp\/v2\/pages\/7796\/revisions"}],"predecessor-version":[{"id":7949,"href":"https:\/\/www.laetitia-tempsdepeindre.fr\/index.php\/wp-json\/wp\/v2\/pages\/7796\/revisions\/7949"}],"wp:attachment":[{"href":"https:\/\/www.laetitia-tempsdepeindre.fr\/index.php\/wp-json\/wp\/v2\/media?parent=7796"}],"curies":[{"name":"wp","href":"https:\/\/api.w.org\/{rel}","templated":true}]}}