{"id":9,"date":"2016-09-16T15:06:13","date_gmt":"2016-09-16T14:06:13","guid":{"rendered":"http:\/\/www.laetitia-tempsdepeindre.fr\/?page_id=9"},"modified":"2025-05-06T09:03:48","modified_gmt":"2025-05-06T08:03:48","slug":"bienvenue","status":"publish","type":"page","link":"https:\/\/www.laetitia-tempsdepeindre.fr\/","title":{"rendered":"Les ateliers de Laetitia,"},"content":{"rendered":"\n<p><\/p>\n\n\n\n<p><\/p>\n\n\n\n<h2 class=\"wp-block-heading has-text-align-center has-text-color has-link-color wp-elements-ffe8732d909cb2b9ecc63a650996dbe0\" style=\"color:#068c71\">ateliers de PEINTURE et ARGILE<\/h2>\n\n\n\n<h3 class=\"wp-block-heading has-text-align-center has-text-color has-link-color wp-elements-171aa363cc1c9c2a5c4b6e19d50302f8\" style=\"color:#068c71\">interg\u00e9n\u00e9rationnels<\/h3>\n\n\n\n<p class=\"has-text-align-center\">PETITE ENFANCE &#8211; ENFANT- ADULTE &#8211; PARENT\/ENFANT<\/p>\n\n\n<div class=\"wp-block-image\">\n<figure class=\"aligncenter size-full is-resized\"><img loading=\"lazy\" decoding=\"async\" width=\"800\" height=\"514\" src=\"https:\/\/www.laetitia-tempsdepeindre.fr\/wp-content\/uploads\/2024\/09\/Pepites15_temps_de_peindre_004.jpg\" alt=\"\" class=\"wp-image-7873\" style=\"width:881px;height:auto\" srcset=\"https:\/\/www.laetitia-tempsdepeindre.fr\/wp-content\/uploads\/2024\/09\/Pepites15_temps_de_peindre_004.jpg 800w, https:\/\/www.laetitia-tempsdepeindre.fr\/wp-content\/uploads\/2024\/09\/Pepites15_temps_de_peindre_004-300x193.jpg 300w, https:\/\/www.laetitia-tempsdepeindre.fr\/wp-content\/uploads\/2024\/09\/Pepites15_temps_de_peindre_004-768x493.jpg 768w\" sizes=\"auto, (max-width: 800px) 100vw, 800px\" \/><\/figure>\n<\/div>\n\n\n<h2 class=\"wp-block-heading has-text-align-center has-luminous-vivid-orange-color has-text-color has-link-color wp-elements-f5820486f3f69339c3b561505cf92fd4\"><strong>Cr\u00e9er avec Joie et Naturel<\/strong><\/h2>\n\n\n<p>L<span style=\"color: #71089e;\">es ateliers \u00ab\u00a0le temps de peindre\u00a0\u00bb sont pour moi la n\u00e9cessit\u00e9 de mettre en Vie et en mouvement les possibilit\u00e9s cr\u00e9atrices in\u00e9puisables de chacun dans la Joie = un terreau pour faire ou refaire du lien avec le sens de la Vie. Cette attitude fonctionne avec les autres, en acceptant moi-m\u00eame \u00e0 tous moments de bouger, changer, questionner, jouer.<\/span><\/p>\n<p><span style=\"color: #71089e;\">\u00c0 travers cette libert\u00e9 de mouvement, dessiner\/peindre\/modeler devient facile et ouvre les portes de notre propre cr\u00e9ativit\u00e9 : le \u00ab chant \u00bb des possibles est ouvert.<\/span><\/p>\n<p><!-- \/wp:post-content --><\/p>\n<p><!-- \/wp:group --><\/p>\n<p><!-- wp:image {\"id\":7770,\"sizeSlug\":\"full\",\"linkDestination\":\"none\",\"align\":\"center\"} --><\/p>\n<figure class=\"wp-block-image aligncenter size-full\"><img loading=\"lazy\" decoding=\"async\" width=\"800\" height=\"533\" class=\"wp-image-7770\" src=\"https:\/\/www.laetitia-tempsdepeindre.fr\/wp-content\/uploads\/2024\/06\/LaetitiaAtelier.jpg\" alt=\"\" srcset=\"https:\/\/www.laetitia-tempsdepeindre.fr\/wp-content\/uploads\/2024\/06\/LaetitiaAtelier.jpg 800w, https:\/\/www.laetitia-tempsdepeindre.fr\/wp-content\/uploads\/2024\/06\/LaetitiaAtelier-300x200.jpg 300w, https:\/\/www.laetitia-tempsdepeindre.fr\/wp-content\/uploads\/2024\/06\/LaetitiaAtelier-768x512.jpg 768w\" sizes=\"auto, (max-width: 800px) 100vw, 800px\" \/><\/figure>\n<p><!-- \/wp:image --><\/p>\n<p><!-- wp:paragraph {\"align\":\"center\",\"style\":{\"elements\":{\"link\":{\"color\":{\"text\":\"var:preset|color|pale-pink\"}}}},\"textColor\":\"pale-pink\",\"fontSize\":\"medium\"} --><\/p>\n<p class=\"has-text-align-center has-pale-pink-color has-text-color has-link-color has-medium-font-size\"><span style=\"color: #000000;\"><span style=\"font-family: Gillius ADF;\">Jouer avec les couleurs, la trace et la mati\u00e8re\u00a0: un plaisir et un m\u00e9tier.<\/span><\/span><\/p>\n<p><!-- \/wp:paragraph --><\/p>\n<p><!-- wp:paragraph {\"align\":\"center\",\"textColor\":\"luminous-vivid-orange\"} --><\/p>\n<p class=\"has-text-align-center has-luminous-vivid-orange-color has-text-color\"><strong>ARTISTE &amp; JOUEUSE<\/strong><\/p>\n<p><!-- \/wp:paragraph --><\/p>\n<p><!-- wp:paragraph {\"style\":{\"elements\":{\"link\":{\"color\":{\"text\":\"var:preset|color|black\"}}}},\"textColor\":\"black\",\"fontSize\":\"medium\"} --><\/p>\n<p class=\"has-black-color has-text-color has-link-color has-medium-font-size\"><strong>Mon parcours\u00a0:<\/strong><br \/>Lyc\u00e9e Arts Appliqu\u00e9s \u00e0 Cholet, Beaux-arts de Nantes puis \u00ab\u00a0prof\u00a0\u00bb en ateliers dessin-peinture\u00a0: un chemin fluide vers une cr\u00e9ativit\u00e9 ordonn\u00e9e\u00a0!<\/p>\n<p class=\"has-black-color has-text-color has-link-color has-medium-font-size\"><br \/>Assez rapidement la vie m\u2019offre des rencontres qui m\u2019ouvrent vers une nouvelle vision de la \u00ab cr\u00e9ativit\u00e9 \u00bb celle qui vient de nous, de nos cellules, celle qui passe par le jeu, l\u2019intuition, le c\u0153ur. L&rsquo;enfant sera le moteur de ces changements : accompagnement de la petite enfant, RPE, cr\u00e8ches, &#8230;puis formation au Jeu de peindre au pr\u00e8s d&rsquo;Arno Stern.<\/p>\n<p>\u00a0<\/p>\n<p><!-- \/wp:paragraph --><\/p>\n<p><!-- wp:paragraph {\"style\":{\"elements\":{\"link\":{\"color\":{\"text\":\"var:preset|color|black\"}}}},\"textColor\":\"black\",\"fontSize\":\"medium\"} --><\/p>\n<p class=\"has-black-color has-text-color has-link-color has-medium-font-size\">A ce moment l\u00e0 \u00ab peindre \u00bb prend une nouvelle teinte et met en Lumi\u00e8re un autre chemin ..<\/p>\n<p><!-- \/wp:paragraph --><\/p>\n<p><!-- wp:columns --><\/p>\n<div class=\"wp-block-columns\"><!-- wp:column {\"width\":\"100%\"} --><\/div>\n<div class=\"wp-block-column\" style=\"flex-basis: 100%;\"><!-- wp:image {\"id\":7871,\"sizeSlug\":\"full\",\"linkDestination\":\"none\"} --><\/div>\n<figure class=\"wp-block-image size-full\"><\/figure>\n<p><!-- \/wp:image --><\/p>\n<p><!-- \/wp:column --><\/p>\n<p><!-- \/wp:columns --><\/p>\n<p><!-- wp:paragraph --><\/p>\n<p><!-- \/wp:paragraph --><\/p>\n<p><!-- wp:image {\"id\":7875,\"sizeSlug\":\"full\",\"linkDestination\":\"none\",\"align\":\"center\"} --><\/p>\n<p><!-- \/wp:image --><\/p>\n<p><!-- wp:paragraph {\"fontSize\":\"small\"} --><\/p>\n<p><!-- \/wp:paragraph --><\/p>\n<p><!-- wp:paragraph --><\/p>\n<p><!-- \/wp:paragraph --><\/p>\n<p><!-- wp:paragraph --><\/p>\n<p><!-- \/wp:paragraph --><\/p>\n\n<!-- wp:paragraph {\"style\":{\"elements\":{\"link\":{\"color\":{\"text\":\"var:preset|color|black\"}}}},\"textColor\":\"black\",\"fontSize\":\"medium\"} -->\n<p class=\"has-black-color has-text-color has-link-color has-medium-font-size\"><strong>Mon r\u00f4le\u00a0:<\/strong><\/p>\n<!-- \/wp:paragraph -->\n\n<!-- wp:paragraph {\"style\":{\"elements\":{\"link\":{\"color\":{\"text\":\"var:preset|color|black\"}}}},\"textColor\":\"black\",\"fontSize\":\"medium\"} -->\n<p class=\"has-black-color has-text-color has-link-color has-medium-font-size\"><br>\u00catre l\u00e0 pour <strong>vous accompagner et faciliter votre exploration<\/strong>. Je vous guide avec les diff\u00e9rentes techniques acquises, dans le respect de qui vous \u00eates.<br>Ici on explore en jouant en terrain connu, en \u00e9tant accompagn\u00e9.<br>Cr\u00e9er, c\u2019est \u00eatre chez soi, accepter de se reconna\u00eetre, nommer, oser aller de l\u2019avant. Nous nous positionnons alors dans la joie et la bienveillance.<br>Se combinent alors\u00a0: confiance, cr\u00e9ativit\u00e9, enthousiasme qui transparaissent dans un savoir-faire qui accro\u00eet notre agilit\u00e9 \u00e0 \u00catre.<\/p>\n<!-- \/wp:paragraph -->\n\n<!-- wp:image {\"id\":7875,\"sizeSlug\":\"full\",\"linkDestination\":\"none\"} -->\n<figure class=\"wp-block-image size-full\"><img loading=\"lazy\" decoding=\"async\" width=\"800\" height=\"815\" src=\"https:\/\/www.laetitia-tempsdepeindre.fr\/wp-content\/uploads\/2024\/09\/L-actePeindre.jpg\" alt=\"\" class=\"wp-image-7875\" srcset=\"https:\/\/www.laetitia-tempsdepeindre.fr\/wp-content\/uploads\/2024\/09\/L-actePeindre.jpg 800w, https:\/\/www.laetitia-tempsdepeindre.fr\/wp-content\/uploads\/2024\/09\/L-actePeindre-294x300.jpg 294w, https:\/\/www.laetitia-tempsdepeindre.fr\/wp-content\/uploads\/2024\/09\/L-actePeindre-768x782.jpg 768w\" sizes=\"auto, (max-width: 800px) 100vw, 800px\" \/><\/figure>\n<!-- \/wp:image -->\n\n<!-- wp:paragraph -->\n<p>cr\u00e9dit photo Laurent Touzeau<\/p>\n<!-- \/wp:paragraph -->\n\n<!-- wp:paragraph -->\n<p><\/p>\n<!-- \/wp:paragraph -->","protected":false},"excerpt":{"rendered":"<p>ateliers de PEINTURE et ARGILE interg\u00e9n\u00e9rationnels PETITE ENFANCE &#8211; ENFANT- ADULTE &#8211; PARENT\/ENFANT Cr\u00e9er avec Joie et Naturel Les ateliers [&hellip;]<\/p>\n","protected":false},"author":1,"featured_media":0,"parent":0,"menu_order":0,"comment_status":"closed","ping_status":"closed","template":"","meta":{"footnotes":""},"class_list":["post-9","page","type-page","status-publish","hentry"],"aioseo_notices":[],"_links":{"self":[{"href":"https:\/\/www.laetitia-tempsdepeindre.fr\/index.php\/wp-json\/wp\/v2\/pages\/9","targetHints":{"allow":["GET"]}}],"collection":[{"href":"https:\/\/www.laetitia-tempsdepeindre.fr\/index.php\/wp-json\/wp\/v2\/pages"}],"about":[{"href":"https:\/\/www.laetitia-tempsdepeindre.fr\/index.php\/wp-json\/wp\/v2\/types\/page"}],"author":[{"embeddable":true,"href":"https:\/\/www.laetitia-tempsdepeindre.fr\/index.php\/wp-json\/wp\/v2\/users\/1"}],"replies":[{"embeddable":true,"href":"https:\/\/www.laetitia-tempsdepeindre.fr\/index.php\/wp-json\/wp\/v2\/comments?post=9"}],"version-history":[{"count":92,"href":"https:\/\/www.laetitia-tempsdepeindre.fr\/index.php\/wp-json\/wp\/v2\/pages\/9\/revisions"}],"predecessor-version":[{"id":8016,"href":"https:\/\/www.laetitia-tempsdepeindre.fr\/index.php\/wp-json\/wp\/v2\/pages\/9\/revisions\/8016"}],"wp:attachment":[{"href":"https:\/\/www.laetitia-tempsdepeindre.fr\/index.php\/wp-json\/wp\/v2\/media?parent=9"}],"curies":[{"name":"wp","href":"https:\/\/api.w.org\/{rel}","templated":true}]}}